519*a - 4944. Give w(-11).
765
Let x(i) = -2*i**2 - 1571*i + 370687. What is x(190)?
-3
Let t(x) = -21*x**3 - 146*x**2 - 158*x - 1162. Give t(-7).
-7
Let g(k) = 430*k + 187907. Calculate g(-437).
-3
Let b(v) = 5*v**2 + 8550*v - 25671. Calculate b(3).
24
Let o(p) = 120167*p + 1201685. Determine o(-10).
15
Let n(r) = -21*r**2 + 3542*r + 42834. What is n(180)?
-6
Let z(q) = 21*q**3 + 3*q**2 + 334*q - 2146. What is z(6)?
4502
Let h(u) = -166*u - 2966. Determine h(-7).
-1804
Let p(w) = w**3 + 8*w**2 + 11*w + 50. What is p(-19)?
-4130
Let y(n) = -9*n**2 + 4158*n - 452026. Calculate y(175).
-1
Let g(b) = -21*b**2 + 455*b + 1090. Determine g(24).
-86
Let j(h) = -3*h**2 - 5038*h - 35189. Determine j(-7).
-70
Let m(y) = -39920*y - 239530. What is m(-6)?
-10
Let g(j) = -3*j**2 - 21*j + 2935. What is g(-29)?
1021
Let r(s) = -12*s**2 - 6*s + 139. Determine r(9).
-887
Let j(i) = -3*i**2 - 33*i - 23. Give j(-2).
31
Let u(s) = s**3 + 99*s**2 + 84*s - 316. Determine u(-98).
1056
Let a(b) = 4*b**2 + 174*b + 1767. Calculate a(-29).
85
Let b(o) = -2*o**2 - 213*o - 4171. What is b(-26)?
15
Let k(p) = p**2 + 1724*p + 20480. What is k(-12)?
-64
Let z(q) = q**3 + q**2 - 27*q + 107. Determine z(8).
467
Let x(i) = 701*i - 212451. Determine x(303).
-48
Let s(w) = 362663*w + 1450651. Determine s(-4).
-1
Let u(g) = 81*g**3 - g**2 - 8*g - 5. Give u(-3).
-2177
Let u(b) = b**3 + 229*b**2 - 1502*b - 292527. Calculate u(-230).
33
Let p(q) = 240474*q - 58675662. Give p(244).
-6
Let i(m) = -7554*m - 77015. Determine i(-10).
-1475
Let a(t) = -140*t - 4777. Calculate a(-8).
-3657
Let y(m) = 52249*m + 156834. Calculate y(-3).
87
Let d(a) = a**3 - 7*a**2 - 6112*a + 42805. Determine d(7).
21
Let y(h) = h**2 - 6017*h - 96616. Give y(-16).
-88
Let g(p) = 653*p + 36988. Determine g(-61).
-2845
Let v(o) = 5*o**2 - 252*o - 1347. Calculate v(54).
-375
Let b(x) = -x**3 - 12*x**2 - 63*x - 411. Calculate b(-7).
-215
Let y(j) = 229*j + 2147. Determine y(-10).
-143
Let v(d) = 4813*d + 206950. Determine v(-43).
-9
Let k(v) = 108*v - 527. What is k(5)?
13
Let u(b) = -7*b**3 + 8*b**2 + 1683*b - 6900. What is u(4)?
-488
Let j(b) = 1975*b - 23899. Give j(12).
-199
Let y(g) = -23*g**3 + 8823*g**2 + 3458*g - 803. Give y(384).
-35
Let w(i) = -131*i - 2042. Give w(-25).
1233
Let b(f) = 4*f**2 - 767*f + 4937. Give b(185).
-58
Let a(z) = -13*z**2 + 16076*z - 735988. Determine a(1189).
3
Let i(g) = -218*g + 26862. Give i(124).
-170
Let d(t) = 2177*t**3 - 131*t - 130. Determine d(-1).
-2176
Let m(o) = 2692*o - 1297561. Give m(482).
-17
Let o(q) = 272*q**2 + 20399*q - 75. Calculate o(-75).
0
Let a(z) = 20002*z + 139931. Determine a(-7).
-83
Let z(l) = 148*l**2 - 1559*l - 155. Determine z(11).
604
Let w(o) = 4*o**3 - 72*o**2 - 7678*o + 144429. What is w(19)?
-9
Let u(a) = 483*a + 5169. Calculate u(-11).
-144
Let o(x) = 6*x**2 - 3312*x - 6640. Determine o(554).
8
Let v(d) = -d**3 + 361*d**2 - 29039*d - 306. What is v(240)?
-66
Let g(a) = -791*a**2 + 449297*a - 5115. What is g(568)?
-3
Let p(u) = 26487*u - 3204932. Calculate p(121).
-5
Let u(h) = -h**3 - 43*h**2 + 6082*h + 248078. What is u(-40)?
-2
Let u(m) = -m**3 + 18*m**2 + 179*m - 3043. Calculate u(18).
179
Let w(q) = 569437*q + 2277754. Give w(-4).
6
Let o(a) = 51*a**2 - 185*a + 73. What is o(4)?
149
Let x(y) = -y**3 - 110*y**2 - 773*y - 1406. What is x(-4)?
-10
Let q(c) = -c**2 - 290*c + 42954. What is q(108)?
-30
Let m(r) = -49233*r - 2018559. What is m(-41)?
-6
Let l(m) = -208*m + 3234. Determine l(14).
322
Let f(j) = -67291*j - 672404. Determine f(-10).
506
Let h(b) = b**3 - 234*b**2 - 470*b - 590. Calculate h(236).
-118
Let f(b) = -86901*b**2 - 521402*b + 22. What is f(-6)?
-2
Let w(p) = 418*p + 5015. What is w(-12)?
-1
Let c(u) = -20*u**3 - 4038*u**2 + 401*u - 607. Give c(-202).
-1
Let i(s) = -73*s**2 - 26*s + 26. Determine i(1).
-73
Let i(j) = 5*j**3 - 22*j**2 - 9*j + 106. Calculate i(4).
38
Let h(b) = -3*b**3 + 145*b**2 - 313*b + 11. What is h(6)?
2705
Let s(q) = 17*q**3 + 844*q**2 + 3108*q + 12. What is s(-4)?
-4
Let h(t) = t**3 + 162*t**2 - 2629*t + 3. Determine h(15).
393
Let m(b) = b**2 - 1591*b + 135096. What is m(90)?
6
Let h(b) = 7395*b + 4126390. Calculate h(-558).
-20
Let d(f) = 3431*f - 18072. Determine d(5).
-917
Let d(i) = -i**3 + 3359*i**2 + 292741*i + 84. Calculate d(-85).
-1
Let b(j) = j**3 + 19*j**2 - 20685*j - 372662. Determine b(-18).
-8
Let f(n) = 6*n**3 + 116*n**2 - 14*n - 9. Give f(-7).
3715
Let k(n) = 2368*n - 203455. Calculate k(86).
193
Let a(t) = 218*t**3 - 20*t**2 + 29*t + 23. Give a(2).
1745
Let n(k) = -102*k**2 - 84351*k + 2400. What is n(-827)?
-81
Let s(p) = p**3 + 5*p**2 + 655*p + 1907. Determine s(-3).
-40
Let i(m) = 3*m**3 - 409*m**2 + 1495*m - 242350. Determine i(137).
3
Let o(y) = -3746*y - 7438. Give o(-2).
54
Let v(z) = 22178*z + 44590. Calculate v(-2).
234
Let f(g) = -2*g**3 - 600*g**2 - 446*g + 45283. What is f(-299)?
-165
Let j(k) = -601*k + 2745. Determine j(5).
-260
Let y(l) = 2094*l**2 - 90008*l - 52. Give y(43).
1410
Let i(k) = 15885*k - 47647. Determine i(3).
8
Let o(s) = -38*s**2 - 3128*s - 54775. Calculate o(-57).
59
Let l(d) = -4*d**3 + 17*d**2 - 162*d + 788. What is l(5)?
-97
Let m(f) = -f**3 - 121*f**2 + 887*f + 63723. Calculate m(-124).
-137
Let j(u) = -4*u**2 + 26*u - 381. Determine j(-21).
-2691
Let w(u) = u**2 + 49885*u + 149636. Calculate w(-3).
-10
Let o(q) = -6*q**3 - 212*q**2 - 49*q + 758. Determine o(-35).
23
Let p(h) = h**2 - 107*h + 2061. Give p(24).
69
Let z(r) = -2*r**3 - 190*r**2 - 7*r - 682. Calculate z(-95).
-17
Let y(c) = -44*c - 636. Determine y(-30).
684
Let n(u) = 73*u + 6737. Calculate n(-90).
167
Let s(a) = 5370*a - 1299728. What is s(242)?
-188
Let t(p) = -p**3 - 32*p**2 + 497*p + 15524. Give t(-22).
-250
Let a(k) = -107569*k + 19039707. Determine a(177).
-6
Let x(b) = 30*b**2 - 10517*b - 293723. Calculate x(-26).
-1
Let v(j) = -j**2 - 56663*j - 4244093. Give v(-75).
7
Let j(f) = -f**2 + 168386*f + 841888. Give j(-5).
-67
Let r(w) = -w**3 + w**2 + 205*w - 588. What is r(0)?
-588
Let a(x) = 14*x**2 + 2241*x - 2106. What is a(-161)?
-13
Let n(d) = 4*d**2 - 821*d + 24180. Determine n(36).
-192
Let h(j) = -3*j**3 + 756*j**2 - 10702*j + 8760. What is h(237)?
-9
Let f(v) = -174*v**2 - 2610*v - 6. Calculate f(-15).
-6
Let u(q) = q**3 + 303*q**2 - 103*q - 31202. What is u(-303)?
7
Let v(k) = -k**3 + 67*k**2 - 74*k + 209. Give v(66).
-319
Let s(b) = -2*b**3 + 339*b**2 + 524*b - 1876. Calculate s(171).
5
Let x(w) = -300*w + 4285. What is x(21)?
-2015
Let x(a) = -32*a**2 - 614*a - 81. Give x(-8).
2783
Let d(y) = -522*y - 30257. What is d(-58)?
19
Let v(g) = 7*g**2 + 2072*g + 54202. Determine v(-29).
1
Let g(p) = 254*p - 40223. Calculate g(158).
-91
Let c(j) = 2*j**3 - 854*j**2 - 1639*j - 33009. Give c(429).
24
Let d(p) = -116*p**2 + 8468*p + 8. What is d(73)?
8
Let x(a) = -96135*a - 961367. Calculate x(-10).
-17
Let q(l) = -l**2 - 208*l + 1233. What is q(-194)?
3949
Let f(p) = 549*p - 1199. Determine f(3).
448
Let h(w) = 12094*w + 1076393. Determine h(-89).
27
Let r(q) = q**2 - 215*q + 6349. Give r(29).
955
Let j(p) = -769*p**2 - 5344*p + 44. Calculate j(-7).
-229
Let m(r) = 4454*r + 13469. Calculate m(-3).
107
Let v(i) = 212*i**2 - 789*i + 125. Determine v(3).
-334
Let m(o) = 251*o + 35538. Determine m(-141).
147
Let k(p) = -121*p**2 + 300*p - 596. Give k(2).
-480
Let w(y) = -555*y - 29520. What is w(-53)?
-105
Let b(n) = 4*n**2 - 7700*n + 76907. Calculate b(10).
307
Let d(z) = -29*z**2 + 162*z + 628. Give d(-4).
-484
Let g(l) = -l**2 + 6960*l + 69708. Calculate g(-10).
8
Let s(q) = -2*q**3 + 106*q**2 - 1249*q - 203. Give s(18).
-5
Let p(f) = -f**3 - 20*f**2 + 2126*f + 40760. Give p(-19).
5
Let y(k) = -2079*k - 18774. Determine y(-9).
-63
Let z(g) = -g**3 + 164*g**2 - 491*g + 53285. Determine z(163).
-179
Let u(o) = 11*o**2 - 293*o - 956. Determine u(-3).
22
Let k(j) = -3*j**3 - 198*j**2 + 671*j + 31504. Calculate k(-67).
14
Let t(b) = -2*b**3 - 33*b**2 - 30*b - 461. What is t(-17)?
338
Let c(b) = -2192*b + 2299411. Give c(1049).
3
Let w(p) = p**3 + 145*p**2 - 989*p - 58583. What is w(-149)?
-26
Let g(q) = -281*q + 10420. Give g(39).
-539
Let a(u) = -59*u - 5092. Determine a(-69).
-1021
Let o(z) = -27*z**2 + 2753*z + 2756. What is o(-1)?
-24
Let s(x) = 4*x**2 - 33748*x + 807658. C